{"id":6104,"date":"2020-01-16T16:54:06","date_gmt":"2020-01-16T15:54:06","guid":{"rendered":"http:\/\/impreza3.us-themes.com\/?page_id=6104"},"modified":"2025-05-24T12:47:02","modified_gmt":"2025-05-24T10:47:02","slug":"helfer-helferinnen","status":"publish","type":"page","link":"https:\/\/quietway.de\/hilfezurselbsthilfe\/helfer-helferinnen\/","title":{"rendered":"Helfer und Helferinnen"},"content":{"rendered":"<section class=\"l-section wpb_row us_custom_1f5f827b height_custom color_primary\"><div class=\"l-section-overlay\" style=\"background:var(--color-header-transparent-bg-grad, var(--color-header-transparent-bg) )\"><\/div><div class=\"l-section-h i-cf\"><div class=\"g-cols vc_row via_grid cols_1 laptops-cols_inherit tablets-cols_inherit mobiles-cols_1 valign_middle type_default stacking_default\"><div class=\"wpb_column vc_column_container\"><div class=\"vc_column-inner\"><h1 class=\"w-post-elm post_title align_center entry-title color_link_inherit\">Helfer und Helferinnen<\/h1><\/div><\/div><\/div><\/div><\/section><section class=\"l-section wpb_row height_custom\"><div class=\"l-section-h i-cf\"><div class=\"g-cols vc_row via_grid cols_2 laptops-cols_inherit tablets-cols_inherit mobiles-cols_1 valign_middle type_default stacking_default\" style=\"--columns-gap:calc(3rem + 10px);\"><div class=\"wpb_column vc_column_container us_custom_60e9caca us_animate_this\"><div class=\"vc_column-inner\"><div class=\"wpb_text_column\"><div class=\"wpb_wrapper\"><h1 class=\"entry-title\">Helfer und Helferinnen B\u00f6rse<\/h1>\n<p>Die praktische Arbeit des Vereins h\u00e4ngt meist ganz und gar an den Mitgliedern des Vorstands, vor allem an Bernadine, Sybilla und Mathilde. Auf der Mitgliederversammlung wurde daher angeregt, eine Helfer\/innen-B\u00f6rse einzurichten, auf der sich Unterst\u00fctzer f\u00fcr aktuell anstehende Projekte oder Aktionen anmelden k\u00f6nnen. \u00dcberwiegend sind das ganz praktische T\u00e4tigkeiten wie in der K\u00fcche helfen, wenn ein kenianischer Kochabend ansteht, die Unterst\u00fctzung bei Informations- und Verkaufsst\u00e4nden auf Veranstaltungen, aber gerne auch einmal eine Rechercheaufgabe, wenn es etwa darum geht, Mittel f\u00fcr den Verein zu akquirieren. Das alles ohne gro\u00dfen inhaltlichen und zeitlichen Aufwand!<\/p>\n<p>Der Vorstand gibt auf dieser Seite jeweils an, f\u00fcr welche anstehende Aufgabe Hilfe und Unterst\u00fctzung ben\u00f6tigt wird und kalkuliert den zeitlichen Aufwand. Wer dann Zeit und Lust hat, kann sich unter info@quietway.de sowie telefonisch auf 06021 584225 (an)melden!<\/p>\n<p>Daf\u00fcr dann schon einmal herzlichen Dank!<\/p>\n<\/div><\/div><div class=\"w-separator size_medium\"><\/div><div class=\"w-btn-wrapper align_none\"><a class=\"w-btn us-btn-style_4 us_custom_1e0e9307\" title=\"\u00dcber uns mehr Infos\" href=\"https:\/\/quietway.de\/hilfezurselbsthilfe\/ueberuns\/\"><span class=\"w-btn-label\">mehr erfahren<\/span><\/a><\/div><\/div><\/div><div class=\"wpb_column vc_column_container us_custom_5a44fc97 us_animate_this\"><div class=\"vc_column-inner\"><div class=\"w-image style_shadow-2 align_center\"><div class=\"w-image-h\"><div class=\"w-image-shadow\" style=\"background-image:url(https:\/\/quietway.de\/hilfezurselbsthilfe\/wp-content\/uploads\/2022\/10\/orph-1_-16.jpg);\"><\/div><img decoding=\"async\" width=\"448\" height=\"336\" src=\"https:\/\/quietway.de\/hilfezurselbsthilfe\/wp-content\/uploads\/2022\/10\/orph-1_-16.jpg\" class=\"attachment-us_600_400_crop size-us_600_400_crop\" alt=\"\" loading=\"lazy\" srcset=\"https:\/\/quietway.de\/hilfezurselbsthilfe\/wp-content\/uploads\/2022\/10\/orph-1_-16.jpg 448w, https:\/\/quietway.de\/hilfezurselbsthilfe\/wp-content\/uploads\/2022\/10\/orph-1_-16-300x225.jpg 300w\" sizes=\"auto, (max-width: 448px) 100vw, 448px\" \/><\/div><\/div><\/div><\/div><\/div><\/div><\/section><section class=\"l-section wpb_row height_custom\"><div class=\"l-section-h i-cf\"><div class=\"g-cols vc_row via_grid cols_2 laptops-cols_inherit tablets-cols_inherit mobiles-cols_1 valign_middle type_default stacking_default\" style=\"--columns-gap:calc(3rem + 10px);\"><div class=\"wpb_column vc_column_container us_custom_5a44fc97 us_animate_this\"><div class=\"vc_column-inner\"><div class=\"w-image style_shadow-2 align_center\"><div class=\"w-image-h\"><div class=\"w-image-shadow\" style=\"background-image:url(https:\/\/quietway.de\/hilfezurselbsthilfe\/wp-content\/uploads\/Galerie.png);\"><\/div><img decoding=\"async\" width=\"465\" height=\"328\" src=\"https:\/\/quietway.de\/hilfezurselbsthilfe\/wp-content\/uploads\/Galerie.png\" class=\"attachment-us_600_400_crop size-us_600_400_crop\" alt=\"\" loading=\"lazy\" srcset=\"https:\/\/quietway.de\/hilfezurselbsthilfe\/wp-content\/uploads\/Galerie.png 465w, https:\/\/quietway.de\/hilfezurselbsthilfe\/wp-content\/uploads\/Galerie-300x212.png 300w, https:\/\/quietway.de\/hilfezurselbsthilfe\/wp-content\/uploads\/Galerie-150x106.png 150w\" sizes=\"auto, (max-width: 465px) 100vw, 465px\" \/><\/div><\/div><\/div><\/div><div class=\"wpb_column vc_column_container us_custom_60e9caca us_animate_this\"><div class=\"vc_column-inner\"><div class=\"wpb_text_column\"><div class=\"wpb_wrapper\"><h1 class=\"entry-title\">Unsere Unterst\u00fctzer<\/h1>\n<p>In der Vergangenheit haben uns die Galerien und Ladengesch\u00e4fte, Friseure, B\u00e4ckereien sowie Fachgesch\u00e4fte und Gro\u00dfhandel unterst\u00fctzt. Im Laufe der Zeit sind verschiedene Branchen dazugekommen. Ein Beispiel ist daf\u00fcr die Galerie Nelly 5.<\/p>\n<\/div><\/div><div class=\"w-separator size_medium\"><\/div><\/div><\/div><\/div><\/div><\/section><section class=\"l-section wpb_row height_custom\"><div class=\"l-section-h i-cf\"><div class=\"g-cols vc_row via_grid cols_1 laptops-cols_inherit tablets-cols_inherit mobiles-cols_1 valign_top type_default stacking_default\"><div class=\"wpb_column vc_column_container\"><div class=\"vc_column-inner\"><div class=\"wpb_text_column\"><div class=\"wpb_wrapper\"><h2><strong>Projekte<\/strong><\/h2>\n<\/div><\/div><div class=\"w-separator size_large\"><\/div><div class=\"g-cols wpb_row via_grid cols_4 laptops-cols_inherit tablets-cols_inherit mobiles-cols_1 valign_top type_default stacking_default\" style=\"--columns-gap:3rem;\"><div class=\"wpb_column vc_column_container us_custom_60e9caca us_animate_this\"><div class=\"vc_column-inner\"><div class=\"w-iconbox us_custom_abc12e86 iconpos_top style_default color_primary align_left icontype_img\"><div class=\"w-iconbox-icon\" style=\"font-size:70px;\"><img loading=\"lazy\" decoding=\"async\" width=\"2560\" height=\"1383\" src=\"https:\/\/quietway.de\/hilfezurselbsthilfe\/wp-content\/uploads\/2022\/10\/Waisenhausneu2002-scaled.jpg\" class=\"attachment-full size-full\" alt=\"\" srcset=\"https:\/\/quietway.de\/hilfezurselbsthilfe\/wp-content\/uploads\/2022\/10\/Waisenhausneu2002-scaled.jpg 2560w, https:\/\/quietway.de\/hilfezurselbsthilfe\/wp-content\/uploads\/2022\/10\/Waisenhausneu2002-300x162.jpg 300w, https:\/\/quietway.de\/hilfezurselbsthilfe\/wp-content\/uploads\/2022\/10\/Waisenhausneu2002-1024x553.jpg 1024w\" sizes=\"auto, (max-width: 2560px) 100vw, 2560px\" \/><\/div><div class=\"w-iconbox-meta\"><h3 class=\"w-iconbox-title\" style=\"font-size:1.8rem;\">Waisenhaus<\/h3><div class=\"w-iconbox-text\"><p>Das neue Waisenhaus ist fertiggestellt und seit Januar 2022 wohnen 20 Kinder dort und f\u00fchlen sich sehr wohl.<\/p>\n<\/div><\/div><\/div><\/div><\/div><div class=\"wpb_column vc_column_container us_custom_f70d789f us_animate_this\"><div class=\"vc_column-inner\"><div class=\"w-iconbox us_custom_abc12e86 iconpos_top style_default color_primary align_left icontype_img\"><div class=\"w-iconbox-icon\" style=\"font-size:70px;\"><img loading=\"lazy\" decoding=\"async\" width=\"1868\" height=\"954\" src=\"https:\/\/quietway.de\/hilfezurselbsthilfe\/wp-content\/uploads\/BildschirmfotoQUIETWAY-PROJEKTE-KAKAMEGA-Kenya-Aschaffenburg-Gemuesegarten.png\" class=\"attachment-full size-full\" alt=\"QUIETWAY KAKAMEGA Kenia Aschaffenburg Schulgarten\" srcset=\"https:\/\/quietway.de\/hilfezurselbsthilfe\/wp-content\/uploads\/BildschirmfotoQUIETWAY-PROJEKTE-KAKAMEGA-Kenya-Aschaffenburg-Gemuesegarten.png 1868w, https:\/\/quietway.de\/hilfezurselbsthilfe\/wp-content\/uploads\/BildschirmfotoQUIETWAY-PROJEKTE-KAKAMEGA-Kenya-Aschaffenburg-Gemuesegarten-300x153.png 300w, https:\/\/quietway.de\/hilfezurselbsthilfe\/wp-content\/uploads\/BildschirmfotoQUIETWAY-PROJEKTE-KAKAMEGA-Kenya-Aschaffenburg-Gemuesegarten-1024x523.png 1024w, https:\/\/quietway.de\/hilfezurselbsthilfe\/wp-content\/uploads\/BildschirmfotoQUIETWAY-PROJEKTE-KAKAMEGA-Kenya-Aschaffenburg-Gemuesegarten-150x77.png 150w, https:\/\/quietway.de\/hilfezurselbsthilfe\/wp-content\/uploads\/BildschirmfotoQUIETWAY-PROJEKTE-KAKAMEGA-Kenya-Aschaffenburg-Gemuesegarten-1536x784.png 1536w\" sizes=\"auto, (max-width: 1868px) 100vw, 1868px\" \/><\/div><div class=\"w-iconbox-meta\"><h3 class=\"w-iconbox-title\" style=\"font-size:1.8rem;\">Biogarten<\/h3><div class=\"w-iconbox-text\"><p>Um den Biogarten anzulegen, musste zun\u00e4chst ein St\u00fcck Land gekauft werden.<\/p>\n<\/div><\/div><\/div><\/div><\/div><div class=\"wpb_column vc_column_container us_custom_1fb8b2dc us_animate_this\"><div class=\"vc_column-inner\"><div class=\"w-iconbox us_custom_abc12e86 iconpos_top style_default color_primary align_left icontype_img\"><div class=\"w-iconbox-icon\" style=\"font-size:70px;\"><img loading=\"lazy\" decoding=\"async\" width=\"2560\" height=\"1920\" src=\"https:\/\/quietway.de\/hilfezurselbsthilfe\/wp-content\/uploads\/Waisenhaus-Reparatur-Wasserpumpe.jpg\" class=\"attachment-full size-full\" alt=\"Reparatur der Wasserpumpe\" srcset=\"https:\/\/quietway.de\/hilfezurselbsthilfe\/wp-content\/uploads\/Waisenhaus-Reparatur-Wasserpumpe.jpg 2560w, https:\/\/quietway.de\/hilfezurselbsthilfe\/wp-content\/uploads\/Waisenhaus-Reparatur-Wasserpumpe-300x225.jpg 300w, https:\/\/quietway.de\/hilfezurselbsthilfe\/wp-content\/uploads\/Waisenhaus-Reparatur-Wasserpumpe-1024x768.jpg 1024w, https:\/\/quietway.de\/hilfezurselbsthilfe\/wp-content\/uploads\/Waisenhaus-Reparatur-Wasserpumpe-150x113.jpg 150w, https:\/\/quietway.de\/hilfezurselbsthilfe\/wp-content\/uploads\/Waisenhaus-Reparatur-Wasserpumpe-1536x1152.jpg 1536w\" sizes=\"auto, (max-width: 2560px) 100vw, 2560px\" \/><\/div><div class=\"w-iconbox-meta\"><h3 class=\"w-iconbox-title\" style=\"font-size:1.8rem;\">Reparatur der Wasserpumpe<\/h3><div class=\"w-iconbox-text\"><p>Ausgebildete junge M\u00e4nner und Frauen reparieren gemeinsam die Wasserpumpe im Dorf.<\/p>\n<\/div><\/div><\/div><\/div><\/div><div class=\"wpb_column vc_column_container us_custom_47d40b1d us_animate_this\"><div class=\"vc_column-inner\"><div class=\"w-iconbox us_custom_abc12e86 iconpos_top style_default color_primary align_left icontype_img\"><div class=\"w-iconbox-icon\" style=\"font-size:70px;\"><img loading=\"lazy\" decoding=\"async\" width=\"1421\" height=\"1002\" src=\"https:\/\/quietway.de\/hilfezurselbsthilfe\/wp-content\/uploads\/QUIETWAY-PROJEKTE-KAKAMEGA-Kenya-Aschaffenburg-Naehmaschinen.png\" class=\"attachment-full size-full\" alt=\"Blick in die Schneiderei\" srcset=\"https:\/\/quietway.de\/hilfezurselbsthilfe\/wp-content\/uploads\/QUIETWAY-PROJEKTE-KAKAMEGA-Kenya-Aschaffenburg-Naehmaschinen.png 1421w, https:\/\/quietway.de\/hilfezurselbsthilfe\/wp-content\/uploads\/QUIETWAY-PROJEKTE-KAKAMEGA-Kenya-Aschaffenburg-Naehmaschinen-300x212.png 300w, https:\/\/quietway.de\/hilfezurselbsthilfe\/wp-content\/uploads\/QUIETWAY-PROJEKTE-KAKAMEGA-Kenya-Aschaffenburg-Naehmaschinen-1024x722.png 1024w, https:\/\/quietway.de\/hilfezurselbsthilfe\/wp-content\/uploads\/QUIETWAY-PROJEKTE-KAKAMEGA-Kenya-Aschaffenburg-Naehmaschinen-150x106.png 150w\" sizes=\"auto, (max-width: 1421px) 100vw, 1421px\" \/><\/div><div class=\"w-iconbox-meta\"><h3 class=\"w-iconbox-title\" style=\"font-size:1.8rem;\">die Schneiderei<\/h3><div class=\"w-iconbox-text\"><p>In der hauseigenen Schneiderei und Schreinerei werden alle notwendigen Dinge aus Stoff und Holz hergestellt.<\/p>\n<\/div><\/div><\/div><\/div><\/div><\/div><div class=\"w-separator size_large\"><\/div><\/div><\/div><\/div><\/div><\/section><section class=\"l-section wpb_row height_custom color_alternate with_img parallax_ver parallaxdir_reversed\"><div class=\"l-section-img\" role=\"img\" aria-label=\"Bild\" data-img-width=\"1862\" data-img-height=\"1006\" style=\"background-image: url(https:\/\/quietway.de\/hilfezurselbsthilfe\/wp-content\/uploads\/QUIETWAY-PROJEKTE-KAKAMEGA-Kenya-Aschaffenburg-Planung-Schule.png);\"><\/div><div class=\"l-section-overlay\" style=\"background:rgba(43,44,54,0.75)\"><\/div><div class=\"l-section-h i-cf\"><div class=\"g-cols vc_row via_grid cols_1 laptops-cols_inherit tablets-cols_inherit mobiles-cols_1 valign_top type_default stacking_default\"><div class=\"wpb_column vc_column_container us_custom_60e9caca us_animate_this\"><div class=\"vc_column-inner\"><div class=\"w-btn-wrapper align_center\"><a class=\"w-btn us-btn-style_5 us_custom_1e0e9307\" title=\"Aktionen und Veranstaltungen\" href=\"https:\/\/quietway.de\/hilfezurselbsthilfe\/news\/\"><span class=\"w-btn-label\">News &amp; Aktionen<\/span><\/a><\/div><\/div><\/div><\/div><\/div><\/section><section class=\"l-section wpb_row height_custom\"><div class=\"l-section-h i-cf\"><div class=\"g-cols vc_row via_grid cols_1 laptops-cols_inherit tablets-cols_inherit mobiles-cols_1 valign_top type_default stacking_default\"><div class=\"wpb_column vc_column_container us_custom_60e9caca us_animate_this\"><div class=\"vc_column-inner\"><div class=\"wpb_text_column\"><div class=\"wpb_wrapper\"><h2><strong>Was sagen unsere Helfenden?<br \/>\n<\/strong><\/h2>\n<\/div><\/div><div class=\"w-separator size_large\"><\/div><div class=\"g-cols wpb_row via_grid cols_4 laptops-cols_inherit tablets-cols_inherit mobiles-cols_1 valign_top type_default stacking_default\" style=\"--columns-gap:3rem;\"><div class=\"wpb_column vc_column_container us_custom_60e9caca us_animate_this\"><div class=\"vc_column-inner\"><div class=\"w-iconbox us_custom_abc12e86 iconpos_top style_circle color_primary align_center icontype_img\"><div class=\"w-iconbox-icon\" style=\"font-size:70px;\"><img loading=\"lazy\" decoding=\"async\" width=\"465\" height=\"328\" src=\"https:\/\/quietway.de\/hilfezurselbsthilfe\/wp-content\/uploads\/Galerie.png\" class=\"attachment-full size-full\" alt=\"\" srcset=\"https:\/\/quietway.de\/hilfezurselbsthilfe\/wp-content\/uploads\/Galerie.png 465w, https:\/\/quietway.de\/hilfezurselbsthilfe\/wp-content\/uploads\/Galerie-300x212.png 300w, https:\/\/quietway.de\/hilfezurselbsthilfe\/wp-content\/uploads\/Galerie-150x106.png 150w\" sizes=\"auto, (max-width: 465px) 100vw, 465px\" \/><\/div><div class=\"w-iconbox-meta\"><h3 class=\"w-iconbox-title\" style=\"font-size:1.8rem;\">nelly 5<\/h3><div class=\"w-iconbox-text\"><p>Wir freuen uns auf diese Weise mithelfen zu k\u00f6nnen.<\/p>\n<\/div><\/div><\/div><\/div><\/div><div class=\"wpb_column vc_column_container us_custom_f70d789f us_animate_this\"><div class=\"vc_column-inner\"><div class=\"w-iconbox us_custom_abc12e86 iconpos_top style_circle color_primary align_center icontype_img\"><div class=\"w-iconbox-icon\" style=\"font-size:70px;\"><img loading=\"lazy\" decoding=\"async\" width=\"1600\" height=\"800\" src=\"https:\/\/quietway.de\/hilfezurselbsthilfe\/wp-content\/uploads\/Kochevent.jpeg\" class=\"attachment-full size-full\" alt=\"\" srcset=\"https:\/\/quietway.de\/hilfezurselbsthilfe\/wp-content\/uploads\/Kochevent.jpeg 1600w, https:\/\/quietway.de\/hilfezurselbsthilfe\/wp-content\/uploads\/Kochevent-300x150.jpeg 300w, https:\/\/quietway.de\/hilfezurselbsthilfe\/wp-content\/uploads\/Kochevent-1024x512.jpeg 1024w, https:\/\/quietway.de\/hilfezurselbsthilfe\/wp-content\/uploads\/Kochevent-150x75.jpeg 150w, https:\/\/quietway.de\/hilfezurselbsthilfe\/wp-content\/uploads\/Kochevent-1536x768.jpeg 1536w\" sizes=\"auto, (max-width: 1600px) 100vw, 1600px\" \/><\/div><div class=\"w-iconbox-meta\"><h3 class=\"w-iconbox-title\" style=\"font-size:1.8rem;\">Martin Kochevent<\/h3><div class=\"w-iconbox-text\"><p>Es ist so einfach und macht dazu noch Spa\u00df.<\/p>\n<\/div><\/div><\/div><\/div><\/div><div class=\"wpb_column vc_column_container us_custom_1fb8b2dc us_animate_this\"><div class=\"vc_column-inner\"><\/div><\/div><div class=\"wpb_column vc_column_container us_custom_47d40b1d us_animate_this\"><div class=\"vc_column-inner\"><\/div><\/div><\/div><\/div><\/div><\/div><\/div><\/section><section class=\"l-section wpb_row height_custom\"><div class=\"l-section-h i-cf\"><div class=\"g-cols vc_row via_grid cols_1 laptops-cols_inherit tablets-cols_inherit mobiles-cols_1 valign_top type_default stacking_default\"><div class=\"wpb_column vc_column_container us_custom_60e9caca us_animate_this\"><div class=\"vc_column-inner\"><div class=\"wpb_text_column\"><div class=\"wpb_wrapper\"><h2><strong>Reiseberichte von uns<br \/>\n<\/strong><\/h2>\n<\/div><\/div><div class=\"w-separator size_large\"><\/div><div class=\"w-grid us_grid type_grid layout_blog_4 cols_3 preload_style_spinner with_css_animation\" id=\"us_grid_1\" style=\"--columns:3;--gap:1.5rem;\" data-filterable=\"true\"><style>@media (max-width:1024px){#us_grid_1{--columns:2!important}}@media (max-width:600px){#us_grid_1{--columns:1!important}}@media (min-width:1024px){#us_grid_1 .w-post-elm.post_title{font-size:1.5rem!important}}.layout_blog_4 .w-grid-item-h{}.layout_blog_4 .usg_post_image_1{margin-bottom:0.6rem!important}.layout_blog_4 .usg_post_title_1{font-size:1.2rem!important;margin-bottom:0.3rem!important}.layout_blog_4 .usg_post_date_1{color:var(--color-content-faded)!important;font-size:0.8rem!important;line-height:1.6!important}<\/style><div class=\"w-grid-list\">\t<article class=\"w-grid-item us_animate_afb size_1x1 post-7727 post type-post status-publish format-gallery has-post-thumbnail sticky hentry category-allgemein tag-auszeichnung tag-berlin tag-bernardine-angalusha tag-bundespraesidenten tag-engagement tag-frank-walter-steinmeier post_format-post-format-gallery\" data-id=\"7727\" style=\"animation-delay:0s\">\r\n\t\t<div class=\"w-grid-item-h\">\r\n\t\t\t\t\t\t<div class=\"w-post-elm post_image usg_post_image_1 stretched\"><a href=\"https:\/\/quietway.de\/hilfezurselbsthilfe\/zu-gast-beim-buergerfest-des-bundespraesidenten-in-berlin\/\" aria-label=\"zu Gast beim B\u00fcrgerfest in Berlin des Bundespr\u00e4sidenten\"><img loading=\"lazy\" decoding=\"async\" width=\"600\" height=\"400\" src=\"https:\/\/quietway.de\/hilfezurselbsthilfe\/wp-content\/uploads\/auf-dem-weg-zum-bundespraesidenten-600x400.png\" class=\"attachment-us_600_400_crop size-us_600_400_crop wp-post-image\" alt=\"Die Goldbacherin war Gast beim B\u00fcrgerfest des Bundespr\u00e4sidenten in Berlin\" \/><\/a><\/div><h2 class=\"w-post-elm post_title usg_post_title_1 entry-title color_link_inherit\"><a href=\"https:\/\/quietway.de\/hilfezurselbsthilfe\/zu-gast-beim-buergerfest-des-bundespraesidenten-in-berlin\/\">zu Gast beim B\u00fcrgerfest in Berlin des Bundespr\u00e4sidenten<\/a><\/h2><time class=\"w-post-elm post_date usg_post_date_1 has_text_color entry-date published\" datetime=\"2024-10-09T11:08:54+02:00\" title=\"9 Oktober 2024 um 11:08:54 Europe\/Berlin\u00a0Uhr\">vor 2\u00a0Jahren<\/time>\t\t<\/div>\r\n\t\t\t<\/article>\r\n\t<article class=\"w-grid-item us_animate_afb size_1x1 post-7926 post type-post status-publish format-standard has-post-thumbnail hentry category-allgemein category-news tag-kunstversteigerung tag-podium-30a tag-spende tag-versteigerung\" data-id=\"7926\" style=\"animation-delay:0.1s\">\r\n\t\t<div class=\"w-grid-item-h\">\r\n\t\t\t\t\t\t<div class=\"w-post-elm post_image usg_post_image_1 stretched\"><a href=\"https:\/\/quietway.de\/hilfezurselbsthilfe\/mainechobericht-ueber-die-versteigerung-podium-30a\/\" aria-label=\"Mainechobericht \u00fcber die Versteigerung Podium 30A\"><img loading=\"lazy\" decoding=\"async\" width=\"600\" height=\"400\" src=\"https:\/\/quietway.de\/hilfezurselbsthilfe\/wp-content\/uploads\/b07ab616-df16-484b-a2bd-708187ce216e-600x400.jpg\" class=\"attachment-us_600_400_crop size-us_600_400_crop wp-post-image\" alt=\"\" \/><\/a><\/div><h2 class=\"w-post-elm post_title usg_post_title_1 entry-title color_link_inherit\"><a href=\"https:\/\/quietway.de\/hilfezurselbsthilfe\/mainechobericht-ueber-die-versteigerung-podium-30a\/\">Mainechobericht \u00fcber die Versteigerung Podium 30A<\/a><\/h2><time class=\"w-post-elm post_date usg_post_date_1 has_text_color entry-date published\" datetime=\"2026-01-08T09:49:01+01:00\" title=\"8 Januar 2026 um 09:49:01 Europe\/Berlin\u00a0Uhr\">vor 4\u00a0Monaten<\/time>\t\t<\/div>\r\n\t\t\t<\/article>\r\n\t<article class=\"w-grid-item us_animate_afb size_1x1 post-7537 post type-post status-publish format-standard has-post-thumbnail hentry category-allgemein category-reisebericht tag-arzt tag-ausbildung tag-berichterstattung tag-freunde tag-hilfezurselbsthilfe tag-hilfsangebot tag-kakamega tag-kenia tag-kinderheim tag-reise tag-reisebericht tag-sozial tag-waisenhaus\" data-id=\"7537\" style=\"animation-delay:0.2s\">\r\n\t\t<div class=\"w-grid-item-h\">\r\n\t\t\t\t\t\t<div class=\"w-post-elm post_image usg_post_image_1 stretched\"><a href=\"https:\/\/quietway.de\/hilfezurselbsthilfe\/reisebericht-2023\/\" aria-label=\"Reisebericht 2023\"><img loading=\"lazy\" decoding=\"async\" width=\"600\" height=\"400\" src=\"https:\/\/quietway.de\/hilfezurselbsthilfe\/wp-content\/uploads\/kenianische-kinde-kakamaga-waisenhaus-paten-gesucht-600x400.jpeg\" class=\"attachment-us_600_400_crop size-us_600_400_crop wp-post-image\" alt=\"Paten gesucht f\u00fcr die Ausbildung der Kinder in Kakamega\" \/><\/a><\/div><h2 class=\"w-post-elm post_title usg_post_title_1 entry-title color_link_inherit\"><a href=\"https:\/\/quietway.de\/hilfezurselbsthilfe\/reisebericht-2023\/\">Reisebericht 2023<\/a><\/h2><time class=\"w-post-elm post_date usg_post_date_1 has_text_color entry-date published\" datetime=\"2024-01-08T13:02:54+01:00\" title=\"8 Januar 2024 um 13:02:54 Europe\/Berlin\u00a0Uhr\">vor 2\u00a0Jahren<\/time>\t\t<\/div>\r\n\t\t\t<\/article>\r\n<\/div>\t<div class=\"w-grid-preloader\">\r\n\t\t<div class=\"g-preloader type_custom\">\r\n\t\t\t<div><img loading=\"lazy\" decoding=\"async\" width=\"300\" height=\"82\" src=\"https:\/\/quietway.de\/hilfezurselbsthilfe\/wp-content\/uploads\/logo-web-Hilfe-zur-Selbsthilfe-Quietway.png\" class=\"g-placeholder\" alt=\"Hilfe zur Selbsthilfe Quiet Way e.V. ist ein eingetragener, gemeinn\u00fctziger Verein (NRO\/NGO), der sich in seiner Satzung dazu verpflichtet hat, die Menschen in Kakamega \/ Kenia zu unterst\u00fctzen.\" srcset=\"https:\/\/quietway.de\/hilfezurselbsthilfe\/wp-content\/uploads\/logo-web-Hilfe-zur-Selbsthilfe-Quietway.png 300w, https:\/\/quietway.de\/hilfezurselbsthilfe\/wp-content\/uploads\/logo-web-Hilfe-zur-Selbsthilfe-Quietway-150x41.png 150w\" sizes=\"auto, (max-width: 300px) 100vw, 300px\" \/><\/div>\r\n\t\t<\/div>\r\n\t<\/div>\r\n\t\t<div class=\"w-grid-json hidden\" onclick='return {&quot;action&quot;:&quot;us_ajax_grid&quot;,&quot;infinite_scroll&quot;:0,&quot;max_num_pages&quot;:5,&quot;pagination&quot;:&quot;none&quot;,&quot;template_vars&quot;:{&quot;columns&quot;:&quot;3&quot;,&quot;exclude_items&quot;:&quot;none&quot;,&quot;img_size&quot;:&quot;us_600_400_crop&quot;,&quot;ignore_items_size&quot;:0,&quot;items_layout&quot;:&quot;blog_4&quot;,&quot;items_offset&quot;:&quot;1&quot;,&quot;load_animation&quot;:&quot;afb&quot;,&quot;overriding_link&quot;:&quot;{\\&quot;url\\&quot;:\\&quot;\\&quot;}&quot;,&quot;post_id&quot;:0,&quot;query_args&quot;:{&quot;post_type&quot;:[&quot;post&quot;],&quot;post_status&quot;:[&quot;publish&quot;],&quot;posts_per_page&quot;:&quot;3&quot;},&quot;orderby_query_args&quot;:{&quot;orderby&quot;:{&quot;date&quot;:&quot;DESC&quot;}},&quot;type&quot;:&quot;grid&quot;,&quot;us_grid_post_type&quot;:&quot;post&quot;,&quot;us_grid_ajax_index&quot;:1,&quot;us_grid_filter_query_string&quot;:null,&quot;us_grid_index&quot;:1,&quot;page_args&quot;:[]}}'><\/div>\r\n\t<\/div><div class=\"w-separator size_medium\"><\/div><div class=\"w-btn-wrapper align_center\"><a class=\"w-btn us-btn-style_4 us_custom_1e0e9307\" target=\"_blank\" rel=\"nofollow\" href=\"https:\/\/quietway.de\/hilfezurselbsthilfe\/blog\/\"><span class=\"w-btn-label\">mehr Reiseberichte ansehen und lesen<\/span><\/a><\/div><\/div><\/div><\/div><\/div><\/section>\n","protected":false},"excerpt":{"rendered":"Ankunft in Nairobi ziemlich sp\u00e4t, Collin und Ben stehen mit dem Bus des Kolping Conference Center bereit und empfangen uns mit einer Umarmung und strahlenden Gesichtern. Koffer einladen und schnell in unsere Unterkunft. Es gibt sogar noch ein versp\u00e4tetes Abendessen mit kenianischen K\u00f6stlichkeiten. Am n\u00e4chsten Tag fahren wir in die Stadt und kaufen schon mal...","protected":false},"author":1,"featured_media":0,"parent":0,"menu_order":0,"comment_status":"closed","ping_status":"closed","template":"","meta":{"footnotes":""},"class_list":["post-6104","page","type-page","status-publish","hentry"],"_links":{"self":[{"href":"https:\/\/quietway.de\/hilfezurselbsthilfe\/wp-json\/wp\/v2\/pages\/6104","targetHints":{"allow":["GET"]}}],"collection":[{"href":"https:\/\/quietway.de\/hilfezurselbsthilfe\/wp-json\/wp\/v2\/pages"}],"about":[{"href":"https:\/\/quietway.de\/hilfezurselbsthilfe\/wp-json\/wp\/v2\/types\/page"}],"author":[{"embeddable":true,"href":"https:\/\/quietway.de\/hilfezurselbsthilfe\/wp-json\/wp\/v2\/users\/1"}],"replies":[{"embeddable":true,"href":"https:\/\/quietway.de\/hilfezurselbsthilfe\/wp-json\/wp\/v2\/comments?post=6104"}],"version-history":[{"count":1,"href":"https:\/\/quietway.de\/hilfezurselbsthilfe\/wp-json\/wp\/v2\/pages\/6104\/revisions"}],"predecessor-version":[{"id":7825,"href":"https:\/\/quietway.de\/hilfezurselbsthilfe\/wp-json\/wp\/v2\/pages\/6104\/revisions\/7825"}],"wp:attachment":[{"href":"https:\/\/quietway.de\/hilfezurselbsthilfe\/wp-json\/wp\/v2\/media?parent=6104"}],"curies":[{"name":"wp","href":"https:\/\/api.w.org\/{rel}","templated":true}]}}